What is the highest common factor of 1921 and 153?
17
Calculate the highest common divisor of 1079 and 13.
13
Calculate the highest common factor of 243 and 621.
27
Calculate the greatest common factor of 226 and 9605.
113
What is the highest common divisor of 111 and 3737?
37
What is the greatest common divisor of 81 and 864?
27
What is the greatest common divisor of 162 and 36?
18
What is the greatest common factor of 184 and 32?
8
What is the greatest common factor of 2 and 14?
2
What is the highest common factor of 240 and 3930?
30
Calculate the greatest common divisor of 2028 and 39.
39
What is the highest common divisor of 7 and 3577?
7
What is the greatest common divisor of 3698 and 688?
86
What is the greatest common divisor of 760 and 2185?
95
What is the highest common divisor of 6533 and 139?
139
What is the highest common divisor of 84 and 777?
21
Calculate the highest common factor of 2 and 18.
2
Calculate the highest common divisor of 168 and 728.
56
What is the highest common divisor of 180 and 4095?
45
Calculate the highest common divisor of 10 and 2320.
10
Calculate the greatest common factor of 6 and 2340.
6
What is the greatest common factor of 15 and 64?
1
Calculate the highest common factor of 50 and 30.
10
What is the greatest common divisor of 62 and 806?
62
Calculate the highest common divisor of 146 and 40442.
146
What is the highest common factor of 324 and 36?
36
Calculate the highest common factor of 3360 and 210.
210
What is the highest common factor of 3807 and 141?
141
Calculate the greatest common divisor of 80 and 2020.
20
Calculate the highest common factor of 423 and 36.
9
Calculate the highest common divisor of 170 and 306.
34
What is the highest common factor of 20 and 200?
20
Calculate the greatest common divisor of 12 and 44.
4
What is the greatest common divisor of 209 and 11?
11
What is the greatest common factor of 55 and 10615?
55
What is the greatest common divisor of 18 and 81?
9
Calculate the highest common divisor of 95 and 105.
5
What is the highest common factor of 540 and 40?
20
Calculate the highest common factor of 190 and 30.
10
What is the greatest common divisor of 228 and 60?
12
What is the highest common factor of 529 and 69?
23
Calculate the highest common factor of 105 and 2331.
21
What is the greatest common divisor of 192 and 2096?
16
Calculate the greatest common divisor of 1 and 43.
1
Calculate the greatest common factor of 56 and 154.
14
Calculate the highest common factor of 43 and 2494.
43
What is the highest common factor of 248 and 8?
8
What is the highest common divisor of 140 and 180?
20
Calculate the greatest common factor of 21204 and 9.
9
Calculate the highest common divisor of 66 and 13618.
22
What is the greatest common divisor of 57 and 12?
3
What is the greatest common divisor of 64 and 1208?
8
Calculate the highest common divisor of 767 and 4307.
59
Calculate the highest common divisor of 9 and 153.
9
Calculate the greatest common divisor of 901 and 952.
17
Calculate the highest common factor of 42 and 434.
14
What is the highest common factor of 245 and 14?
7
What is the greatest common factor of 60 and 276?
12
What is the greatest common divisor of 23 and 23?
23
What is the highest common factor of 784 and 672?
112
What is the highest common factor of 160 and 560?
80
What is the greatest common factor of 3500 and 200?
100
Calculate the greatest common factor of 9 and 36.
9
What is the highest common factor of 2 and 58?
2
Calculate the greatest common divisor of 26 and 7410.
26
What is the greatest common divisor of 6 and 366?
6
What is the highest common divisor of 408 and 84?
12
What is the greatest common divisor of 25 and 65?
5
What is the greatest common divisor of 1375 and 675?
25
Calculate the greatest common factor of 8 and 4252.
4
What is the greatest common divisor of 58 and 4?
2
What is the greatest common divisor of 666 and 370?
74
What is the highest common factor of 33 and 2607?
33
Calculate the greatest common factor of 65 and 27365.
65
What is the greatest common divisor of 504 and 27?
9
Calculate the greatest common divisor of 408 and 72.
24
Calculate the highest common factor of 987 and 25991.
329
Calculate the greatest common factor of 53 and 4.
1
What is the greatest common factor of 477 and 9?
9
Calculate the greatest common divisor of 2489 and 524.
131
What is the greatest common divisor of 199 and 25273?
199
Calculate the highest common factor of 333 and 3552.
111
What is the highest common factor of 91 and 13?
13
Calculate the highest common divisor of 22 and 214.
2
Calculate the greatest common divisor of 360 and 1320.
120
What is the highest common factor of 30 and 240?
30
Calculate the greatest common divisor of 288 and 672.
96
What is the highest common factor of 37 and 37?
37
Calculate the greatest common factor of 41990 and 380.
190
What is the greatest common divisor of 19686 and 408?
102
What is the highest common factor of 15793 and 17?
17
What is the greatest common divisor of 103 and 14008?
103
What is the highest common factor of 25 and 215?
5
What is the highest common factor of 2208 and 1248?
96
Calculate the highest common divisor of 1930 and 60.
10
What is the greatest common factor of 266 and 112?
14
What is the highest common factor of 5634 and 63?
9
Calculate the highest common divisor of 28 and 40.
4
What is the highest common factor of 48 and 2586?
6
What is the highest common divisor of 43664 and 16?
16
Calculate the greatest common factor of 29 and 493.
29
Calculate the highest common divisor of 3 and 1590.
3
Calculate the greatest common factor of 280 and 126.
14
What is the greatest common divisor of 49 and 14?
7
What is the highest common factor of 19 and 95?
19
What is the highest common factor of 328 and 40?
8
Calculate the highest common divisor of 250 and 91750.
250
What is the highest common divisor of 1450 and 12470?
290
Calculate the highest common factor of 1545 and 195.
15
What is the greatest common divisor of 21 and 1281?
21
What is the highest common factor of 1575 and 150?
75
Calculate the greatest common divisor of 225 and 81.
9
Calculate the highest common factor of 616 and 77.
77
Calculate the highest common factor of 420 and 5.
5
What is the highest common divisor of 6486 and 2538?
282
Calculate the greatest common divisor of 4077 and 189.
27
Calculate the greatest common factor of 836 and 1639.
11
What is the greatest common factor of 704 and 11?
11
What is the highest common divisor of 27 and 56322?
27
What is the greatest common factor of 5778 and 1070?
214
What is the highest common factor of 26 and 832?
26
What is the highest common factor of 114 and 171?
57
What is the greatest common divisor of 6 and 760?
2
Calculate the greatest common factor of 2167 and 44.
11
Calculate the highest common divisor of 4154 and 134.
134
What is the greatest common factor of 2348 and 8?
4
Calculate the highest common factor of 1428 and 34.
34
Calculate the highest common factor of 322 and 308.
14
Calculate the greatest common divisor of 150 and 500.
50
Calculate the highest common divisor of 9 and 11.
1
What is the greatest common factor of 987 and 235?
47
What is the highest common factor of 3003 and 7161?
231
What is the highest common divisor of 2952 and 3600?
72
What is the highest common factor of 20 and 14780?
20
What is the highest common factor of 92 and 4?
4
Calculate the greatest common factor of 80 and 1060.
20
What is the highest common factor of 15 and 141?
3
What is the highest common factor of 50 and 190?
10
Calculate the greatest common divisor of 40 and 2430.
10
What is the highest common factor of 51 and 17?
17
Calculate the greatest common divisor of 102751 and 11.
11
What is the highest common divisor of 498 and 166?
166
Calculate the greatest common divisor of 2507 and 23.
23
What is the highest common divisor of 1032 and 24?
24
What is the highest common divisor of 2173 and 82?
41
What is the greatest common factor of 12 and 244?
4
Calculate the greatest common divisor of 759 and 264.
33
What is the greatest common divisor of 40 and 270?
10
What is the highest common factor of 1500 and 24?
12
Calculate the highest common divisor of 2 and 3.
1
Calculate the highest common factor of 70 a